?
True
Is 2719 a prime number?
True
Is 22343 a composite number?
False
Is 70199 composite?
False
Is 25439 prime?
True
Is 21139 a composite number?
False
Is 1731 a composite number?
True
Is 69257 a prime number?
True
Is 3319 a prime number?
True
Is 24127 a prime number?
False
Is 1144927 a prime number?
False
Is 787 prime?
True
Is 5711 prime?
True
Is 102101 a prime number?
True
Is 27929 a composite number?
True
Is 3613 composite?
False
Is 325342 composite?
True
Is 260713 a composite number?
False
Is 138793 a prime number?
True
Is 39079 a composite number?
False
Is 60589 composite?
False
Is 23 prime?
True
Is 206779 a composite number?
False
Is 148331 composite?
False
Is 15091 a composite number?
False
Is 1381 a prime number?
True
Is 20827 composite?
True
Is 895 a composite number?
True
Is 62003 prime?
True
Is 4432793 a prime number?
True
Is 1979 prime?
True
Is 82958 a composite number?
True
Is 19657 a composite number?
True
Is 132743 composite?
True
Is 23741 a composite number?
False
Is 3554 composite?
True
Is 787453 a prime number?
False
Is 172279 composite?
False
Is 151717 composite?
False
Is 144659 prime?
True
Is 1751 composite?
True
Is 170003 a prime number?
True
Is 13649 composite?
False
Is 1176361 a prime number?
True
Is 20849 a composite number?
False
Is 62209 a prime number?
False
Is 15571 prime?
False
Is 66529 a prime number?
True
Is 30071 composite?
False
Is 232741 prime?
True
Is 4271 a prime number?
True
Is 745 a composite number?
True
Is 58129 a prime number?
True
Is 10559 composite?
False
Is 5173 a prime number?
False
Is 20171 prime?
False
Is 4527403 a prime number?
True
Is 6247 prime?
True
Is 1059 composite?
True
Is 252971 prime?
True
Is 216271 a composite number?
True
Is 105739 composite?
True
Is 153871 prime?
True
Is 260563 prime?
False
Is 32749 a prime number?
True
Is 1107881 a composite number?
False
Is 41315 prime?
False
Is 53683 a prime number?
False
Is 17237 a composite number?
True
Is 1319 a prime number?
True
Is 6757 a composite number?
True
Is 1361 a prime number?
True
Is 114547 a composite number?
False
Is 6934 prime?
False
Is 8263 a composite number?
False
Is 15623 composite?
True
Is 65371 a prime number?
True
Is 13829 composite?
False
Is 7031 composite?
True
Is 7771 a prime number?
False
Is 124401 composite?
True
Is 6203219 a composite number?
True
Is 149494 a prime number?
False
Is 5738419 a prime number?
True
Is 1058203 composite?
False
Is 71123 a prime number?
False
Is 773407 a composite number?
False
Is 283031 composite?
True
Is 20599 prime?
True
Is 444841 prime?
True
Is 5027 a composite number?
True
Is 8923 prime?
True
Is 8509 composite?
True
Is 85867 prime?
False
Is 17021 a prime number?
True
Is 2293 a prime number?
True
Is 907559 composite?
True
Is 171007 a composite number?
False
Is 237047 a composite number?
True
Is 11411 prime?
True
Is 150323 a prime number?
True
Is 464077 a prime number?
False
Is 110855 prime?
False
Is 46157 a composite number?
True
Is 13159 composite?
False
Is 10483 prime?
False
Is 807787 a prime number?
True
Is 67391 a prime number?
True
Is 48595 a composite number?
True
Is 1624229 prime?
False
Is 2318306 a composite number?
True
Is 3649 a prime number?
False
Is 55457 a composite number?
False
Is 2171 composite?
True
Is 787021 composite?
False
Is 562 a prime number?
False
Is 5779 composite?
False
Is 30193 composite?
True
Is 57637 a composite number?
False
Is 48577 composite?
True
Is 3149153 composite?
True
Is 153785 composite?
True
Is 41867 a prime number?
False
Is 3061 a prime number?
True
Is 81595 a composite number?
True
Is 91219 a prime number?
False
Is 87695 prime?
False
Is 3709 a composite number?
False
Is 6499 a composite number?
True
Is 100333 a prime number?
True
Is 109717 composite?
False
Is 1343527 a composite number?
True
Is 2267 composite?
False
Is 158867 composite?
False
Is 1723957 composite?
False
Is 2579 a prime number?
True
Is 75931 prime?
True
Is 52165 a prime number?
False
Is 1389467 prime?
False
Is 23077 prime?
False
Is 7629 composite?
True
Is 418961 a prime number?
True
Is 1719541 a composite number?
False
Is 97021 prime?
True
Is 6677 a composite number?
True
Is 18721 a composite number?
True
Is 4861 composite?
False
Is 119785 a composite number?
True
Is 685 composite?
True
Is 525353 a prime number?
True
Is 38245 composite?
True
Is 521 prime?
True
Is 2119 composite?
True
Is 58601 a prime number?
True
Is 126989 a composite number?
False
Is 127399 prime?
True
Is 13835 a prime number?
False
Is 14429 composite?
True
Is 2231 composite?
True
Is 1288769 a composite number?
False
Is 31 composite?
False
Is 780421 a composite number?
False
Is 38543 composite?
False
Is 199183 a prime number?
False
Is 365737 composite?
True
Is 157 a prime number?
True
Is 16057 prime?
True
Is 2705 composite?
True
Is 49273 a prime number?
False
Is 296281 a composite number?
True
Is 64551 a prime number?
False
Is 58709 prime?
False
Is 7355 a prime number?
False
Is 28247 prime?
False
Is 306877 a prime number?
True
Is 62189 composite?
False
Is 61001 composite?
False
Is 331 a composite number?
False
Is 29467 composite?
True
Is 5461 composite?
True
Is 357767 composite?
False
Is 173617 composite?
False
Is 1491547 prime?
True
Is 112397 prime?
True
Is 4043 a prime number?
False
Is 38021 prime?
False
Is 46457 a composite number?
False
Is 420143 prime?
False
Is 1075391 prime?
True
Is 41309 a composite number?
True
Is 479 prime?
True
Is 586567 composite?
False
Is 49835 a composite number?
True
Is 1615517 composite?
True
Is 10543 prime?
False
Is 16331 a composite number?
True
Is 11311 prime?
True
Is 14591 prime?
True
Is 60506 composite?
True
Is 50359 prime?
True
Is 61621 a prime number?
False
Is 829267 a prime number?
True
Is 159389 prime?
True
Is 52147 prime?
True
Is 3143 a composite number?
True
Is 33395 composite?
True
Is 37619 prime?
True
Is 12353 a prime number?
False
Is 8059 a composite number?
False
Is 6527 prime?
False
Is 31421 a prime number?
False
Is 51751 prime?
False
Is 14837 prime?
False
Is 79087 a composite number?
False
Is 12437 a prime number?
True
Is 12011 a prime number?
True
Is 83693 a prime number?
False
Is 916961 a prime number?
True
Is 122651 prime?
True
Is 4036495 composite?
True
Is 11657 a composite number?
False
Is 20047 a prime number?
True
Is 648563 prime?
True
Is 127321 prime?
True
Is 214433 prime?
True
Is 4559779 a composite number?
True
Is 14813 a composite number?
False
Is 10123 composite?
True
Is 234527 composite?
False
Is 14107 prime?
True
Is 13943 prime?
False
Is 140111 a composite number?
False
Is 359729 prime?
False
Is 38102 a composite number?
True
Is 10639 prime?
True
Is 145411 composite?
True
Is 30079 composite?
True
Is 25391 composite?
False
Is 2477 a prime number?
True
Is 90583 a composite number?
False
Is 605417 a prime number?
False
Is 3223 prime?
False
Is 22745 prime?
False
Is 22327 a prime number?
False
Is 38914 a composite number?
True
Is 45481 a composite number?
False
Is 226307 a prime number?
True
Is 201809 prime?
True
Is 625273 a composite number?
True
Is 7615 a prime number?
False
Is 54685 a composite number?
True
Is 307969 composite?
False
Is 16603 composite?
False
Is 85469 a prime number?
True
Is 65465 composite?
True
Is 1690979 composite?
True
Is 206117 a prime number?
False
Is 11437 prime?
True
Is 67819 a prime number?
True
Is 26521 a composite number?
True
Is 526 a prime number?
False
Is 315821 a composite number?
True
Is 964967 composite?
False
Is 42043 a prime number?
True
Is 1087 a prime number?
True
Is 8659 prime?
False
Is 97757 a prime number?
False
Is 112429 prime?
True
Is 172607 composite?
False
Is 19207 prime?
True
Is 1761 a prime number?
False
Is 723839 prime?
True
Is 34981 a prime number?
True
Is 13163 a prime number?
True
Is 3061 composite?
False
Is 41506 prime?
False
Is 7283 composite?
False
Is 5669 a composite number?
False
Is 4101 a prime number?
False
Is 1099 prime?
False
Is 253 prime?
False
Is 42863 composite?
False
Is 27673 a prime number?
True
Is 7009 prime?
False
Is 801406 composite?
True
Is 51 composite?
True
Is 2471663 a composite number?
False
Is 231821 a composite number?
False
Is 7778 composite?
True
Is 12797 a prime number?
False
Is 69259 prime?
True
Is 433549 a composite number?
False
Is 268091 composite?
False
Is 5989 composi